{"id":156,"date":"2026-01-19T11:50:29","date_gmt":"2026-01-19T11:50:29","guid":{"rendered":"https:\/\/nuevo.basquetsueca.com\/?page_id=156"},"modified":"2026-01-26T12:51:02","modified_gmt":"2026-01-26T12:51:02","slug":"inscripcions","status":"publish","type":"page","link":"https:\/\/nuevo.basquetsueca.com\/?page_id=156","title":{"rendered":"Inscripcions"},"content":{"rendered":"\n<div class=\"wp-block-query is-layout-flow wp-block-query-is-layout-flow\"><ul class=\"wp-block-post-template is-layout-flow wp-block-post-template-is-layout-flow\"><li class=\"wp-block-post post-293 product type-product status-publish product_cat-sin-categorizar first instock downloadable virtual purchasable product-type-simple\">\n\n<div class=\"wp-block-columns is-not-stacked-on-mobile is-layout-flex wp-container-core-columns-is-layout-28f84493 wp-block-columns-is-layout-flex\">\n<div class=\"wp-block-column is-layout-flow wp-block-column-is-layout-flow\" style=\"flex-basis:33.33%\"><div data-block-name=\"woocommerce\/product-image\" data-is-descendent-of-query-loop=\"true\" data-sale-badge-align=\"left\" data-show-sale-badge=\"false\" class=\"wc-block-components-product-image wc-block-grid__product-image wc-block-components-product-image--aspect-ratio-auto wp-block-woocommerce-product-image\"><a href=\"https:\/\/nuevo.basquetsueca.com\/?product=inscripcio-club-temporada-2025-2026-prova\" style=\"\" data-wp-on--click=\"woocommerce\/product-collection::actions.viewProduct\"><img fetchpriority=\"high\" decoding=\"async\" width=\"600\" height=\"600\" src=\"https:\/\/nuevo.basquetsueca.com\/wp-content\/uploads\/woocommerce-placeholder.webp\" class=\"woocommerce-placeholder wp-post-image\" alt=\"Marcador\" style=\"object-fit:cover;\" srcset=\"https:\/\/nuevo.basquetsueca.com\/wp-content\/uploads\/woocommerce-placeholder.webp 1200w, https:\/\/nuevo.basquetsueca.com\/wp-content\/uploads\/woocommerce-placeholder-300x300.webp 300w, https:\/\/nuevo.basquetsueca.com\/wp-content\/uploads\/woocommerce-placeholder-1024x1024.webp 1024w, https:\/\/nuevo.basquetsueca.com\/wp-content\/uploads\/woocommerce-placeholder-150x150.webp 150w, https:\/\/nuevo.basquetsueca.com\/wp-content\/uploads\/woocommerce-placeholder-768x768.webp 768w\" sizes=\"(max-width: 600px) 100vw, 600px\" \/><div class=\"wc-block-components-product-image__inner-container\">\n\n<\/div><\/a><\/div><\/div>\n\n\n\n<div class=\"wp-block-column is-layout-flow wp-block-column-is-layout-flow\" style=\"flex-basis:66.66%\"><div style=\"margin-bottom:0.75rem;margin-top:0\" class=\"taxonomy-product_cat wp-block-post-terms\"><a href=\"https:\/\/nuevo.basquetsueca.com\/?product_cat=sin-categorizar\" rel=\"tag\">Sin categorizar<\/a><\/div>\n\n<h3 style=\"margin-bottom:0.75rem;margin-top:0;\" class=\"wp-block-post-title has-large-font-size\"><a href=\"https:\/\/nuevo.basquetsueca.com\/?product=inscripcio-club-temporada-2025-2026-prova\" target=\"_self\" >Inscripci\u00f3 Club Temporada 2025\u20132026 (PROVA)<\/a><\/h3>\n\n<div style=\"margin-bottom:0.75rem;margin-top:0;\" class=\"wp-block-post-excerpt has-small-font-size\"><p class=\"wp-block-post-excerpt__excerpt\">Inscripci\u00f3 de prova per al Club B\u00e0squet Sueca.Aquesta inscripci\u00f3 \u00e9s nom\u00e9s per a proves. <\/p><\/div>\n\n\n\n\n<div class=\"wp-block-columns is-layout-flex wp-container-core-columns-is-layout-28f84493 wp-block-columns-is-layout-flex\">\n<div class=\"wp-block-column is-layout-flow wp-block-column-is-layout-flow\" style=\"flex-basis:33.33%\"><div data-block-name=\"woocommerce\/product-price\" data-font-size=\"small\" data-is-descendent-of-query-loop=\"true\" data-style=\"{&quot;spacing&quot;:{&quot;margin&quot;:{&quot;bottom&quot;:&quot;0.75rem&quot;}}}\" style=\"margin-bottom:0.75rem; margin-bottom:0.75rem;\" class=\"has-font-size has-small-font-size wp-block-woocommerce-product-price has-small-font-size\" ><div class=\"wc-block-components-product-price wc-block-grid__product-price\" >\n\t\t\t\t\t<span class=\"woocommerce-Price-amount amount\"><bdi>350,00&nbsp;<span class=\"woocommerce-Price-currencySymbol\">&euro;<\/span><\/bdi><\/span>\n\t\t\t\t<\/div><\/div><\/div>\n\n\n\n<div class=\"wp-block-column is-layout-flow wp-block-column-is-layout-flow\" style=\"flex-basis:66.66%\"><div data-block-name=\"woocommerce\/product-button\" data-font-size=\"small\" data-is-descendent-of-query-loop=\"true\" data-style=\"{&quot;spacing&quot;:{&quot;margin&quot;:{&quot;bottom&quot;:&quot;0.75rem&quot;}}}\" class=\"wp-block-button wc-block-components-product-button   align- wp-block-woocommerce-product-button has-small-font-size\"\n\t\t\t\t\t\n\t\t\tdata-wp-interactive=\"woocommerce\/product-button\"\n\t\t\tdata-wp-init=\"actions.refreshCartItems\"\n\t\t\n\t\t\t\t\tdata-wp-context='{\"quantityToAdd\":1,\"productId\":293,\"productType\":\"simple\",\"addToCartText\":\"A\\u00f1adir al carrito\",\"tempQuantity\":0,\"animationStatus\":\"IDLE\",\"inTheCartText\":\"### en el carrito\",\"noticeId\":\"\",\"hasPressedButton\":false}'\n\t\t\t\t>\n\t\t\t\t\t<button\n\t\t\t\t\t\tclass=\"wp-block-button__link wp-element-button wc-block-components-product-button__button add_to_cart_button ajax_add_to_cart product_type_simple has-font-size has-small-font-size wc-interactive\"\n\t\t\t\t\t\tstyle=\"margin-bottom:0.75rem;\"\n\t\t\t\t\t\ttype=\"button\" data-product_id=\"293\" data-product_sku=\"\" aria-label=\"A\u00f1adir al carrito: &ldquo;Inscripci\u00f3 Club Temporada 2025\u20132026 (PROVA)&rdquo;\"\n\t\t\t\t\t\tdata-wp-on--click=\"actions.addCartItem\"\n\t\t\t\t\t>\n\t\t\t\t\t<span \n\t\t\tdata-wp-text=\"state.addToCartText\"\n\t\t\tdata-wp-class--wc-block-slide-in=\"state.slideInAnimation\"\n\t\t\tdata-wp-class--wc-block-slide-out=\"state.slideOutAnimation\"\n\t\t\tdata-wp-on--animationend=\"actions.handleAnimationEnd\"\n\t\t\tdata-wp-watch=\"callbacks.startAnimation\"\n\t\t\tdata-wp-run=\"callbacks.syncTempQuantityOnLoad\"\n\t\t>A\u00f1adir al carrito<\/span>\n\t\t\t\t\t<\/button>\n\t\t\t\t\t<span\n\t\t\t\thidden\n\t\t\t\tdata-wp-bind--hidden=\"!state.displayViewCart\"\n\t\t\t>\n\t\t\t\t<a\n\t\t\t\t\thref=\"https:\/\/nuevo.basquetsueca.com\/?page_id=241\"\n\t\t\t\t\tclass=\"added_to_cart wc_forward\"\n\t\t\t\t\ttitle=\"Ver carrito\"\n\t\t\t\t>\n\t\t\t\t\tVer carrito\n\t\t\t\t<\/a>\n\t\t\t<\/span>\n\t\t\t\t<\/div><\/div>\n<\/div>\n<\/div>\n<\/div>\n\n<\/li><\/ul>\n\n\n<div class=\"wp-block-columns is-layout-flex wp-container-core-columns-is-layout-28f84493 wp-block-columns-is-layout-flex\">\n<div class=\"wp-block-column is-layout-flow wp-block-column-is-layout-flow\" style=\"flex-basis:33.33%\">\n<p><\/p>\n<\/div>\n\n\n\n<div class=\"wp-block-column is-layout-flow wp-block-column-is-layout-flow\" style=\"flex-basis:66.66%\"><\/div>\n<\/div>\n\n\n\n\n<\/div>\n","protected":false},"excerpt":{"rendered":"","protected":false},"author":1,"featured_media":0,"parent":0,"menu_order":5,"comment_status":"closed","ping_status":"closed","template":"page-no-title","meta":{"footnotes":""},"class_list":["post-156","page","type-page","status-publish","hentry"],"_links":{"self":[{"href":"https:\/\/nuevo.basquetsueca.com\/index.php?rest_route=\/wp\/v2\/pages\/156","targetHints":{"allow":["GET"]}}],"collection":[{"href":"https:\/\/nuevo.basquetsueca.com\/index.php?rest_route=\/wp\/v2\/pages"}],"about":[{"href":"https:\/\/nuevo.basquetsueca.com\/index.php?rest_route=\/wp\/v2\/types\/page"}],"author":[{"embeddable":true,"href":"https:\/\/nuevo.basquetsueca.com\/index.php?rest_route=\/wp\/v2\/users\/1"}],"replies":[{"embeddable":true,"href":"https:\/\/nuevo.basquetsueca.com\/index.php?rest_route=%2Fwp%2Fv2%2Fcomments&post=156"}],"version-history":[{"count":3,"href":"https:\/\/nuevo.basquetsueca.com\/index.php?rest_route=\/wp\/v2\/pages\/156\/revisions"}],"predecessor-version":[{"id":295,"href":"https:\/\/nuevo.basquetsueca.com\/index.php?rest_route=\/wp\/v2\/pages\/156\/revisions\/295"}],"wp:attachment":[{"href":"https:\/\/nuevo.basquetsueca.com\/index.php?rest_route=%2Fwp%2Fv2%2Fmedia&parent=156"}],"curies":[{"name":"wp","href":"https:\/\/api.w.org\/{rel}","templated":true}]}}